 of 180211448?
4
What is the hundred thousands digit of 1768652989?
6
What is the units digit of 221792120?
0
What is the thousands digit of 385452110?
2
What is the ten millions digit of 205698295?
0
What is the units digit of 82251416?
6
What is the hundreds digit of 13043153?
1
What is the hundreds digit of 42834323?
3
What is the ten thousands digit of 1491847097?
4
What is the thousands digit of 36133886?
3
What is the hundreds digit of 1331642659?
6
What is the ten thousands digit of 631920500?
2
What is the hundred thousands digit of 983874489?
8
What is the thousands digit of 27503644?
3
What is the millions digit of 5414163753?
4
What is the ten thousands digit of 6432279?
3
What is the billions digit of 3669736211?
3
What is the hundred thousands digit of 14182167?
1
What is the millions digit of 63852317?
3
What is the ten thousands digit of 713789720?
8
What is the millions digit of 32784263?
2
What is the ten millions digit of 61533105?
6
What is the ten thousands digit of 336594652?
9
What is the thousands digit of 3202938?
2
What is the millions digit of 128070517?
8
What is the thousands digit of 663473192?
3
What is the hundred millions digit of 1695418054?
6
What is the millions digit of 3986576749?
6
What is the ten thousands digit of 134662156?
6
What is the hundred thousands digit of 7120500?
1
What is the hundreds digit of 11144020?
0
What is the millions digit of 379036715?
9
What is the units digit of 186506313?
3
What is the tens digit of 706119977?
7
What is the ten millions digit of 1979780082?
7
What is the ten millions digit of 90299450?
9
What is the millions digit of 15067188?
5
What is the units digit of 485617751?
1
What is the billions digit of 2541922115?
2
What is the hundred thousands digit of 106369709?
3
What is the hundred millions digit of 129795087?
1
What is the ten thousands digit of 110872352?
7
What is the hundred thousands digit of 171394348?
3
What is the hundred thousands digit of 21843280?
8
What is the thousands digit of 2094008?
4
What is the hundreds digit of 1729625562?
5
What is the tens digit of 43634734?
3
What is the ten thousands digit of 16382120?
8
What is the thousands digit of 141829431?
9
What is the hundred thousands digit of 50038652?
0
What is the ten thousands digit of 23741215?
4
What is the millions digit of 697384275?
7
What is the thousands digit of 65390905?
0
What is the millions digit of 32494206?
2
What is the hundred thousands digit of 236032327?
0
What is the tens digit of 126099839?
3
What is the tens digit of 547780614?
1
What is the ten millions digit of 5580353254?
8
What is the tens digit of 99075?
7
What is the hundreds digit of 265087839?
8
What is the ten thousands digit of 340409248?
0
What is the hundred millions digit of 287728976?
2
What is the hundreds digit of 484554420?
4
What is the hundreds digit of 2754330064?
0
What is the ten thousands digit of 2347425880?
2
What is the billions digit of 1030719045?
1
What is the thousands digit of 110849767?
9
What is the hundred thousands digit of 114816829?
8
What is the ten millions digit of 30958115?
3
What is the tens digit of 65476213?
1
What is the hundreds digit of 1087219904?
9
What is the millions digit of 77747984?
7
What is the hundred thousands digit of 1963522379?
5
What is the millions digit of 74970796?
4
What is the hundred millions digit of 617202133?
6
What is the millions digit of 37375039?
7
What is the hundred thousands digit of 79265422?
2
What is the hundred thousands digit of 361888745?
8
What is the hundreds digit of 94361863?
8
What is the thousands digit of 890719164?
9
What is the tens digit of 90103722?
2
What is the tens digit of 50868847?
4
What is the hundreds digit of 287290142?
1
What is the hundreds digit of 745699789?
7
What is the ten millions digit of 235789976?
3
What is the ten thousands digit of 84540110?
4
What is the hundred thousands digit of 2028098665?
0
What is the ten thousands digit of 3190505237?
0
What is the thousands digit of 2983889439?
9
What is the hundred thousands digit of 21249553?
2
What is the units digit of 37159281?
1
What is the hundreds digit of 174645977?
9
What is the ten thousands digit of 133047217?
4
What is the hundreds digit of 14230939?
9
What is the hundreds digit of 230311198?
1
What is the hundred thousands digit of 60177697?
1
What is the units digit of 2597909177?
7
What is the tens digit of 110413485?
8
What is the hundred millions digit of 2815571189?
8
What is the hundreds digit of 2557059298?
2
What is the hundred thousands digit of 188677464?
6
What is the hundred thousands digit of 125019512?
0
What is the ten thousands digit of 2128452599?
5
What is the units digit of 28868587?
7
What is the hundred thousands digit of 2023205793?
2
What is the units digit of 91325126?
6
What is the units digit of 5698272139?
9
What is the tens digit of 2477029659?
5
What is the thousands digit of 84316459?
6
What is the ten thousands digit of 10344613?
4
What is the hundred millions digit of 3270527671?
2
What is the tens digit of 150520531?
3
What is the ten thousands digit of 77348341?
4
What is the billions digit of 2194096433?
2
What is the hundred millions digit of 1866016016?
8
What is the thousands digit of 7336773?
6
What is the billions digit of 1102413456?
1
What is the ten millions digit of 15163461?
1
What is the tens digit of 368230101?
0
What is the thousands digit of 3185415745?
5
What is the ten millions digit of 18353334?
1
What is the ten thousands digit of 135685114?
8
What is the hundreds digit of 460543652?
6
What is the hundred thousands digit of 340221025?
2
What is the thousands digit of 643040250?
0
What is the millions digit of 180733165?
0
What is the hundred thousands digit of 124599474?
5
What is the ten millions digit of 26097207?
2
What is the units digit of 45978365?
5
What is the hundreds digit of 54477596?
5
What is the ten thousands digit of 4187037840?
3
What is the ten millions digit of 141549971?
4
What is the ten millions digit of 2416774932?
1
What is the millions digit of 51084034?
1
What is the millions digit of 126061209?
6
What is the thousands digit of 3612732?
2
What is the ten thousands digit of 41392462?
9
What is the ten millions digit of 278891850?
7
What is the millions digit of 14209575?
4
What is the hundreds digit of 82265972?
9
What is the millions digit of 452733437?
2
What is the hundred millions digit of 538725960?
5
What is the hundreds digit of 16858241?
2
What is the millions digit of 442363711?
2
What is the ten thousands digit of 942317089?
1
What is the thousands digit of 14525846?
5
What is the thousands digit of 173102784?
2
What is the ten millions digit of 97931868?
9
What is the thousands digit of 19651064?
1
What is the ten millions digit of 5562232331?
6
What is the ten thousands digit of 2155883874?
8
What is the hundreds digit of 4769994010?
0
What is the hundreds digit of 43041633?
6
What is the thousands digit of 1075202070?
2
What is the ten thousands digit of 1763283169?
8
What is the tens digit of 1695773801?
0
What is the ten millions digit of 30892347?
3
What is the thousands digit of 1094341099?
1
What is the tens digit of 68467241?
4
What is the billions digit of 2462321997?
2
What is the tens digit of 404816860?
6
What is the millions digit of 863549262?
3
What is the hundreds digit of 347016439?
4
What is the ten millions digit of 107539209?
0
What is the ten thousands digit of 122022532?
2
What is the millions digit of 20755408?
0
What is the ten millions digit of 55514697?
5
What is the millions digit of 194382893?
4
What is the millions digit of 291456086?
1
What is the tens digit of 46095115?
1
What is the units digit of 1275092488?
8
What is the tens digit of 23133350?
5
What is the units digit of 361443270?
0
What is the ten thousands digit of 508314951?
1
What is the tens digit of 82779692?
9
What is the ten millions digit of 154234174?
5
What is the tens digit of 19205672?
7
What is the hundred thousands digit of 185103285?
1
What is the hundred thousands digit of 319973375?
9
What is the hundred millions digit of 402917568?
4
What is the ten millions digit of 162331924?
6
What is the millions digit of 183916876?
3
What is the thousands digit of 8894